{"id":1804,"date":"2018-08-27T12:16:33","date_gmt":"2018-08-27T12:16:33","guid":{"rendered":"http:\/\/www.lakilaukka.fi\/?page_id=1804"},"modified":"2022-09-07T18:22:47","modified_gmt":"2022-09-07T18:22:47","slug":"koulutukset-ja-luennot","status":"publish","type":"page","link":"https:\/\/www.lakilaukka.fi\/?page_id=1804","title":{"rendered":"Koulutukset ja luennot"},"content":{"rendered":"\t\t<div data-elementor-type=\"wp-post\" data-elementor-id=\"1804\" class=\"elementor elementor-1804\">\n\t\t\t\t\t\t<section class=\"elementor-section elementor-top-section elementor-element elementor-element-226bc03 elementor-section-boxed elementor-section-height-default elementor-section-height-default\" data-id=\"226bc03\" data-element_type=\"section\" data-settings=\"{&quot;background_background&quot;:&quot;classic&quot;}\">\n\t\t\t\t\t\t\t<div class=\"elementor-background-overlay\"><\/div>\n\t\t\t\t\t\t\t<div class=\"elementor-container elementor-column-gap-no\">\n\t\t\t\t\t<div class=\"elementor-column elementor-col-100 elementor-top-column elementor-element elementor-element-50d1d5b\" data-id=\"50d1d5b\" data-element_type=\"column\">\n\t\t\t<div class=\"elementor-widget-wrap elementor-element-populated\">\n\t\t\t\t\t\t<div class=\"elementor-element elementor-element-8c0d8b6 elementor-widget elementor-widget-heading\" data-id=\"8c0d8b6\" data-element_type=\"widget\" data-widget_type=\"heading.default\">\n\t\t\t\t<div class=\"elementor-widget-container\">\n\t\t\t<style>\/*! elementor - v3.21.0 - 15-04-2024 *\/\n.elementor-heading-title{padding:0;margin:0;line-height:1}.elementor-widget-heading .elementor-heading-title[class*=elementor-size-]>a{color:inherit;font-size:inherit;line-height:inherit}.elementor-widget-heading .elementor-heading-title.elementor-size-small{font-size:15px}.elementor-widget-heading .elementor-heading-title.elementor-size-medium{font-size:19px}.elementor-widget-heading .elementor-heading-title.elementor-size-large{font-size:29px}.elementor-widget-heading .elementor-heading-title.elementor-size-xl{font-size:39px}.elementor-widget-heading .elementor-heading-title.elementor-size-xxl{font-size:59px}<\/style><h1 class=\"elementor-heading-title elementor-size-default\">KOULUTUKSET JA LUENNOT<\/h1>\t\t<\/div>\n\t\t\t\t<\/div>\n\t\t\t\t\t<\/div>\n\t\t<\/div>\n\t\t\t\t\t<\/div>\n\t\t<\/section>\n\t\t\t\t<section class=\"elementor-section elementor-top-section elementor-element elementor-element-df83d1b elementor-section-boxed elementor-section-height-default elementor-section-height-default\" data-id=\"df83d1b\" data-element_type=\"section\" data-settings=\"{&quot;background_background&quot;:&quot;classic&quot;}\">\n\t\t\t\t\t\t<div class=\"elementor-container elementor-column-gap-default\">\n\t\t\t\t\t<div class=\"elementor-column elementor-col-100 elementor-top-column elementor-element elementor-element-c7a12ec\" data-id=\"c7a12ec\" data-element_type=\"column\">\n\t\t\t<div class=\"elementor-widget-wrap elementor-element-populated\">\n\t\t\t\t\t\t<div class=\"elementor-element elementor-element-c93a029 elementor-widget elementor-widget-heading\" data-id=\"c93a029\" data-element_type=\"widget\" data-widget_type=\"heading.default\">\n\t\t\t\t<div class=\"elementor-widget-container\">\n\t\t\t<h2 class=\"elementor-heading-title elementor-size-default\">MILLAISTA JA MILLOIN?<\/h2>\t\t<\/div>\n\t\t\t\t<\/div>\n\t\t\t\t<div class=\"elementor-element elementor-element-93725f0 elementor-widget elementor-widget-heading\" data-id=\"93725f0\" data-element_type=\"widget\" data-widget_type=\"heading.default\">\n\t\t\t\t<div class=\"elementor-widget-container\">\n\t\t\t<h2 class=\"elementor-heading-title elementor-size-default\">R\u00c4\u00c4T\u00c4L\u00d6ID\u00c4\u00c4N SINULLE SOPIVA PAKETTI<br><br><\/h2>\t\t<\/div>\n\t\t\t\t<\/div>\n\t\t\t\t<div class=\"elementor-element elementor-element-8d66ba8 elementor-widget elementor-widget-text-editor\" data-id=\"8d66ba8\" data-element_type=\"widget\" data-widget_type=\"text-editor.default\">\n\t\t\t\t<div class=\"elementor-widget-container\">\n\t\t\t<style>\/*! elementor - v3.21.0 - 15-04-2024 *\/\n.elementor-widget-text-editor.elementor-drop-cap-view-stacked .elementor-drop-cap{background-color:#69727d;color:#fff}.elementor-widget-text-editor.elementor-drop-cap-view-framed .elementor-drop-cap{color:#69727d;border:3px solid;background-color:transparent}.elementor-widget-text-editor:not(.elementor-drop-cap-view-default) .elementor-drop-cap{margin-top:8px}.elementor-widget-text-editor:not(.elementor-drop-cap-view-default) .elementor-drop-cap-letter{width:1em;height:1em}.elementor-widget-text-editor .elementor-drop-cap{float:left;text-align:center;line-height:1;font-size:50px}.elementor-widget-text-editor .elementor-drop-cap-letter{display:inline-block}<\/style>\t\t\t\t<p>Saatat pohtia, mik\u00e4 on koulutuksen ja luennon ero. Koulutuksesta puhuttaessa tarkoitetaan yleens\u00e4 esimerkiksi kansanopiston j\u00e4rjest\u00e4m\u00e4\u00e4, 2 x 6 tunnin kestoista viikonloppukurssia. T\u00e4llainen koulutus voi sis\u00e4lt\u00e4\u00e4 esimerkiksi kansantajuisesti kerrottua teoriatietoa sek\u00e4 k\u00e4yt\u00e4nn\u00f6n vinkkej\u00e4 valitusta aiheesta. Pidemm\u00e4st\u00e4 kestosta johtuen k\u00e4sitelt\u00e4vi\u00e4 aiheita voidaan valita my\u00f6s useampia. Koulutuksen kesto on luentoa pidempi, ja n\u00e4in ollen se antaa mahdollisuuksia monipuolisempaan kokonaisuuteen.\u00a0<\/p><p>Luennosta puolestaan on kyse silloin, kun puhutaan tunnista muutamaan tuntiin kest\u00e4v\u00e4st\u00e4 tilaisuudesta, jonka aikana puhutaan, ja mahdollisesti keskustellaan, jostakin tietyst\u00e4 aiheesta. Luennon kesto m\u00e4\u00e4ritt\u00e4\u00e4 pitk\u00e4lti sen, kuinka laajasti valittua aihealuetta voidaan sen aikana k\u00e4sitell\u00e4. Luento on erinomainen vaihtoehto esimerkiksi ty\u00f6paikan hyvinvointip\u00e4iv\u00e4\u00e4n tai yritystapahtumaan. Yhdess\u00e4 r\u00e4\u00e4t\u00e4l\u00f6im\u00e4ll\u00e4 sen sis\u00e4ll\u00f6st\u00e4 saadaan juuri tarpeidesi mukainen tiukemmastakin aikaikkunasta huolimatta.<\/p>\t\t\t\t\t\t<\/div>\n\t\t\t\t<\/div>\n\t\t\t\t<section class=\"elementor-section elementor-inner-section elementor-element elementor-element-9cae0d9 elementor-section-boxed elementor-section-height-default elementor-section-height-default\" data-id=\"9cae0d9\" data-element_type=\"section\">\n\t\t\t\t\t\t<div class=\"elementor-container elementor-column-gap-no\">\n\t\t\t\t\t<div class=\"elementor-column elementor-col-50 elementor-inner-column elementor-element elementor-element-d87b051\" data-id=\"d87b051\" data-element_type=\"column\" data-settings=\"{&quot;background_background&quot;:&quot;classic&quot;}\">\n\t\t\t<div class=\"elementor-widget-wrap elementor-element-populated\">\n\t\t\t\t\t\t<div class=\"elementor-element elementor-element-9a32ec8 elementor-widget elementor-widget-image\" data-id=\"9a32ec8\" data-element_type=\"widget\" data-widget_type=\"image.default\">\n\t\t\t\t<div class=\"elementor-widget-container\">\n\t\t\t<style>\/*! elementor - v3.21.0 - 15-04-2024 *\/\n.elementor-widget-image{text-align:center}.elementor-widget-image a{display:inline-block}.elementor-widget-image a img[src$=\".svg\"]{width:48px}.elementor-widget-image img{vertical-align:middle;display:inline-block}<\/style>\t\t\t\t\t\t\t\t\t\t<img fetchpriority=\"high\" width=\"1707\" height=\"2560\" src=\"https:\/\/www.lakilaukka.fi\/wp-content\/uploads\/2022\/08\/sopimus-1-scaled.jpg\" class=\"attachment-full size-full wp-image-2024\" alt=\"\" srcset=\"https:\/\/www.lakilaukka.fi\/wp-content\/uploads\/2022\/08\/sopimus-1-scaled.jpg 1707w, https:\/\/www.lakilaukka.fi\/wp-content\/uploads\/2022\/08\/sopimus-1-200x300.jpg 200w, https:\/\/www.lakilaukka.fi\/wp-content\/uploads\/2022\/08\/sopimus-1-683x1024.jpg 683w, https:\/\/www.lakilaukka.fi\/wp-content\/uploads\/2022\/08\/sopimus-1-768x1152.jpg 768w, https:\/\/www.lakilaukka.fi\/wp-content\/uploads\/2022\/08\/sopimus-1-1024x1536.jpg 1024w, https:\/\/www.lakilaukka.fi\/wp-content\/uploads\/2022\/08\/sopimus-1-1365x2048.jpg 1365w\" sizes=\"(max-width: 1707px) 100vw, 1707px\" \/>\t\t\t\t\t\t\t\t\t\t\t\t\t<\/div>\n\t\t\t\t<\/div>\n\t\t\t\t\t<\/div>\n\t\t<\/div>\n\t\t\t\t<div class=\"elementor-column elementor-col-50 elementor-inner-column elementor-element elementor-element-62294be\" data-id=\"62294be\" data-element_type=\"column\">\n\t\t\t<div class=\"elementor-widget-wrap elementor-element-populated\">\n\t\t\t\t\t\t<div class=\"elementor-element elementor-element-658d8e1 elementor-widget elementor-widget-heading\" data-id=\"658d8e1\" data-element_type=\"widget\" data-widget_type=\"heading.default\">\n\t\t\t\t<div class=\"elementor-widget-container\">\n\t\t\t<h2 class=\"elementor-heading-title elementor-size-default\">JURIDINEN KOULUTUS<\/h2>\t\t<\/div>\n\t\t\t\t<\/div>\n\t\t\t\t<div class=\"elementor-element elementor-element-aa03340 elementor-widget elementor-widget-heading\" data-id=\"aa03340\" data-element_type=\"widget\" data-widget_type=\"heading.default\">\n\t\t\t\t<div class=\"elementor-widget-container\">\n\t\t\t<h4 class=\"elementor-heading-title elementor-size-default\">PERHE- JA PERINT\u00d6OIKEUS\n<\/h4>\t\t<\/div>\n\t\t\t\t<\/div>\n\t\t\t\t<div class=\"elementor-element elementor-element-973df35 elementor-widget elementor-widget-text-editor\" data-id=\"973df35\" data-element_type=\"widget\" data-widget_type=\"text-editor.default\">\n\t\t\t\t<div class=\"elementor-widget-container\">\n\t\t\t\t\t\t\t<p>J\u00e4rjest\u00e4mme koulutuksia, joissa k\u00e4yd\u00e4\u00e4n kansantajuisesti l\u00e4pi edunvalontavaltakirjan, hoitotahdon sek\u00e4 testamentin laatiminen. N\u00e4m\u00e4 kolme asiakirjamuotoa nivoutuvat vahvasti yhteen, ja kokemuksemme mukaan aihepiirin ymp\u00e4rille rakennetulle koulutukselle on kysynt\u00e4\u00e4 etenkin ik\u00e4\u00e4ntyneemm\u00e4n v\u00e4est\u00f6n keskuudessa. Kurssin sis\u00e4lt\u00f6, kesto ja toteutustapa voidaan r\u00e4\u00e4t\u00e4l\u00f6id\u00e4 t\u00e4ysin toiveidesi mukaiseksi.<\/p><p>J\u00e4rjest\u00e4mme my\u00f6s luentoja yksitt\u00e4isist\u00e4 perhe- ja perint\u00f6oikeudellisista aiheista, kuten avo- ja avioliitto-oikeudesta sek\u00e4 perinn\u00f6njaosta.<\/p>\t\t\t\t\t\t<\/div>\n\t\t\t\t<\/div>\n\t\t\t\t<div class=\"elementor-element elementor-element-e5338dd elementor-widget elementor-widget-heading\" data-id=\"e5338dd\" data-element_type=\"widget\" data-widget_type=\"heading.default\">\n\t\t\t\t<div class=\"elementor-widget-container\">\n\t\t\t<h4 class=\"elementor-heading-title elementor-size-default\">MUU SOPIMUSOIKEUS\n<\/h4>\t\t<\/div>\n\t\t\t\t<\/div>\n\t\t\t\t<div class=\"elementor-element elementor-element-3d71008 elementor-widget elementor-widget-text-editor\" data-id=\"3d71008\" data-element_type=\"widget\" data-widget_type=\"text-editor.default\">\n\t\t\t\t<div class=\"elementor-widget-container\">\n\t\t\t\t\t\t\t<p>Pid\u00e4mme koulutuksia, joissa k\u00e4yd\u00e4\u00e4n l\u00e4pi kauppakirjojen laatimisen p\u00e4\u00e4piirteit\u00e4 sek\u00e4 kauppajuridiikkaa sen ymp\u00e4rill\u00e4. Koulutukset voidaan r\u00e4\u00e4t\u00e4l\u00f6id\u00e4 asiakkaan toiveiden mukaisiksi koskemaan tarkemmin esimerkiksi kiinteist\u00f6nkauppaa.<\/p><p>Lis\u00e4ksi tulemme mielell\u00e4mme kertomaan yritykseesi esimerkiksi osakassopimuksen merkityksest\u00e4 tai ty\u00f6oikeuteen liittyvist\u00e4, toiveidenne mukaisista aihealueista.<\/p>\t\t\t\t\t\t<\/div>\n\t\t\t\t<\/div>\n\t\t\t\t<div class=\"elementor-element elementor-element-679388b elementor-widget elementor-widget-heading\" data-id=\"679388b\" data-element_type=\"widget\" data-widget_type=\"heading.default\">\n\t\t\t\t<div class=\"elementor-widget-container\">\n\t\t\t<h4 class=\"elementor-heading-title elementor-size-default\">KULUTTAJANSUOJA JA VAHINGONKORVAUS\n<\/h4>\t\t<\/div>\n\t\t\t\t<\/div>\n\t\t\t\t<div class=\"elementor-element elementor-element-7fd22ac elementor-widget elementor-widget-text-editor\" data-id=\"7fd22ac\" data-element_type=\"widget\" data-widget_type=\"text-editor.default\">\n\t\t\t\t<div class=\"elementor-widget-container\">\n\t\t\t\t\t\t\t<p>Kukapa ei olisi ostanut joskus jotain sellaista, joka ei olekaan vastannut ennakkotietoja, tai joka on hajonnut vain lyhyen k\u00e4yt\u00f6n j\u00e4lkeen. Kuluttajansuojaan sek\u00e4 vahingonkorvaukseen liittyv\u00e4t seikat koskettavat l\u00e4hes jokaista jossain vaiheessa el\u00e4m\u00e4\u00e4, joten miksip\u00e4 niit\u00e4 koskevaa juridiikkaa ei opettelisi ymm\u00e4rt\u00e4m\u00e4\u00e4n hieman paremmin. Koulutamme ja luennoimme aiheesta mielell\u00e4mme, ja olemme valmiita r\u00e4\u00e4t\u00e4l\u00f6im\u00e4\u00e4n aihealuetta sen mukaan, mik\u00e4 sinun tarpeisiisi sopii parhaiten.<\/p>\t\t\t\t\t\t<\/div>\n\t\t\t\t<\/div>\n\t\t\t\t\t<\/div>\n\t\t<\/div>\n\t\t\t\t\t<\/div>\n\t\t<\/section>\n\t\t\t\t\t<\/div>\n\t\t<\/div>\n\t\t\t\t\t<\/div>\n\t\t<\/section>\n\t\t\t\t<section class=\"elementor-section elementor-top-section elementor-element elementor-element-8dee561 elementor-section-content-middle elementor-section-boxed elementor-section-height-default elementor-section-height-default\" data-id=\"8dee561\" data-element_type=\"section\" data-settings=\"{&quot;background_background&quot;:&quot;classic&quot;}\">\n\t\t\t\t\t\t<div class=\"elementor-container elementor-column-gap-no\">\n\t\t\t\t\t<div class=\"elementor-column elementor-col-100 elementor-top-column elementor-element elementor-element-2fa39b7\" data-id=\"2fa39b7\" data-element_type=\"column\">\n\t\t\t<div class=\"elementor-widget-wrap elementor-element-populated\">\n\t\t\t\t\t\t<section class=\"elementor-section elementor-inner-section elementor-element elementor-element-c35c7f3 elementor-reverse-mobile elementor-section-boxed elementor-section-height-default elementor-section-height-default\" data-id=\"c35c7f3\" data-element_type=\"section\">\n\t\t\t\t\t\t<div class=\"elementor-container elementor-column-gap-no\">\n\t\t\t\t\t<div class=\"elementor-column elementor-col-50 elementor-inner-column elementor-element elementor-element-7e32c6a\" data-id=\"7e32c6a\" data-element_type=\"column\">\n\t\t\t<div class=\"elementor-widget-wrap elementor-element-populated\">\n\t\t\t\t\t\t<div class=\"elementor-element elementor-element-b557efc elementor-widget elementor-widget-heading\" data-id=\"b557efc\" data-element_type=\"widget\" data-widget_type=\"heading.default\">\n\t\t\t\t<div class=\"elementor-widget-container\">\n\t\t\t<h2 class=\"elementor-heading-title elementor-size-default\">YRITYKSEN PERUSTAMINEN JA YRITT\u00c4JYYDEN ALOITTAMINEN<\/h2>\t\t<\/div>\n\t\t\t\t<\/div>\n\t\t\t\t<div class=\"elementor-element elementor-element-e6c3169 elementor-widget elementor-widget-text-editor\" data-id=\"e6c3169\" data-element_type=\"widget\" data-widget_type=\"text-editor.default\">\n\t\t\t\t<div class=\"elementor-widget-container\">\n\t\t\t\t\t\t\t<p>Ammatillisesti sek\u00e4 oman kokemuksen kautta ker\u00e4tty kokemus yritt\u00e4j\u00e4ksi ryhtymisest\u00e4, yrityksen perustamisesta sek\u00e4 sen alkutaipaleesta siivitt\u00e4v\u00e4t mielenkiintoiseen koulutuskokonaisuuteen, joka sopii erinomaisesti esimerkiksi nuorille. Opettavainen sek\u00e4 motivoiva koulutus voidaan r\u00e4\u00e4t\u00e4l\u00f6id\u00e4 joko urapolkuaan pohtivan opiskelijan, ty\u00f6tt\u00f6myydess\u00e4 el\u00e4v\u00e4n aikuisen tai ty\u00f6uransa suunnanmuutosta suunnittelevan ammattilaisen tarpeisiin. Koulutus voidaan j\u00e4rjest\u00e4\u00e4 joko yritt\u00e4jyyteen liittyv\u00e4\u00e4n juridiikkaan keskittyen tai maanl\u00e4heisemm\u00e4lt\u00e4 kannalta aihetta l\u00e4hestyen. Yritt\u00e4jyytt\u00e4 voidaan k\u00e4sitell\u00e4 monesta eri n\u00e4k\u00f6kulmasta, ja pohtia sit\u00e4 esimerkiksi motivaation ja omien lahjojen kautta. Koulutuksesta saadaan juuri halutun kaltainen ja monipuolinen kokonaisuus, jota voidaan muokata kohdeyleis\u00f6st\u00e4 ja tilanteesta riippuen.<\/p>\t\t\t\t\t\t<\/div>\n\t\t\t\t<\/div>\n\t\t\t\t\t<\/div>\n\t\t<\/div>\n\t\t\t\t<div class=\"elementor-column elementor-col-50 elementor-inner-column elementor-element elementor-element-d9a83c5\" data-id=\"d9a83c5\" data-element_type=\"column\" data-settings=\"{&quot;background_background&quot;:&quot;classic&quot;}\">\n\t\t\t<div class=\"elementor-widget-wrap elementor-element-populated\">\n\t\t\t\t\t\t<div class=\"elementor-element elementor-element-ef66f5e elementor-widget elementor-widget-image\" data-id=\"ef66f5e\" data-element_type=\"widget\" data-widget_type=\"image.default\">\n\t\t\t\t<div class=\"elementor-widget-container\">\n\t\t\t\t\t\t\t\t\t\t\t\t\t<img width=\"1707\" height=\"2560\" src=\"https:\/\/www.lakilaukka.fi\/wp-content\/uploads\/2022\/08\/yrittaja-scaled.jpg\" class=\"attachment-full size-full wp-image-2022\" alt=\"\" srcset=\"https:\/\/www.lakilaukka.fi\/wp-content\/uploads\/2022\/08\/yrittaja-scaled.jpg 1707w, https:\/\/www.lakilaukka.fi\/wp-content\/uploads\/2022\/08\/yrittaja-200x300.jpg 200w, https:\/\/www.lakilaukka.fi\/wp-content\/uploads\/2022\/08\/yrittaja-683x1024.jpg 683w, https:\/\/www.lakilaukka.fi\/wp-content\/uploads\/2022\/08\/yrittaja-768x1152.jpg 768w, https:\/\/www.lakilaukka.fi\/wp-content\/uploads\/2022\/08\/yrittaja-1024x1536.jpg 1024w, https:\/\/www.lakilaukka.fi\/wp-content\/uploads\/2022\/08\/yrittaja-1365x2048.jpg 1365w\" sizes=\"(max-width: 1707px) 100vw, 1707px\" \/>\t\t\t\t\t\t\t\t\t\t\t\t\t<\/div>\n\t\t\t\t<\/div>\n\t\t\t\t\t<\/div>\n\t\t<\/div>\n\t\t\t\t\t<\/div>\n\t\t<\/section>\n\t\t\t\t\t<\/div>\n\t\t<\/div>\n\t\t\t\t\t<\/div>\n\t\t<\/section>\n\t\t\t\t<section class=\"elementor-section elementor-top-section elementor-element elementor-element-3d72de5 elementor-section-boxed elementor-section-height-default elementor-section-height-default\" data-id=\"3d72de5\" data-element_type=\"section\" data-settings=\"{&quot;background_background&quot;:&quot;classic&quot;}\">\n\t\t\t\t\t\t<div class=\"elementor-container elementor-column-gap-default\">\n\t\t\t\t\t<div class=\"elementor-column elementor-col-100 elementor-top-column elementor-element elementor-element-ba3f0b9\" data-id=\"ba3f0b9\" data-element_type=\"column\">\n\t\t\t<div class=\"elementor-widget-wrap elementor-element-populated\">\n\t\t\t\t\t\t<section class=\"elementor-section elementor-inner-section elementor-element elementor-element-9c81e0f elementor-section-boxed elementor-section-height-default elementor-section-height-default\" data-id=\"9c81e0f\" data-element_type=\"section\">\n\t\t\t\t\t\t<div class=\"elementor-container elementor-column-gap-no\">\n\t\t\t\t\t<div class=\"elementor-column elementor-col-50 elementor-inner-column elementor-element elementor-element-d433f80\" data-id=\"d433f80\" data-element_type=\"column\" data-settings=\"{&quot;background_background&quot;:&quot;classic&quot;}\">\n\t\t\t<div class=\"elementor-widget-wrap elementor-element-populated\">\n\t\t\t\t\t\t<div class=\"elementor-element elementor-element-6636005 elementor-widget elementor-widget-image\" data-id=\"6636005\" data-element_type=\"widget\" data-widget_type=\"image.default\">\n\t\t\t\t<div class=\"elementor-widget-container\">\n\t\t\t\t\t\t\t\t\t\t\t\t\t<img width=\"1707\" height=\"2560\" src=\"https:\/\/www.lakilaukka.fi\/wp-content\/uploads\/2022\/08\/auto-scaled.jpg\" class=\"attachment-full size-full wp-image-2018\" alt=\"\" srcset=\"https:\/\/www.lakilaukka.fi\/wp-content\/uploads\/2022\/08\/auto-scaled.jpg 1707w, https:\/\/www.lakilaukka.fi\/wp-content\/uploads\/2022\/08\/auto-200x300.jpg 200w, https:\/\/www.lakilaukka.fi\/wp-content\/uploads\/2022\/08\/auto-683x1024.jpg 683w, https:\/\/www.lakilaukka.fi\/wp-content\/uploads\/2022\/08\/auto-768x1152.jpg 768w, https:\/\/www.lakilaukka.fi\/wp-content\/uploads\/2022\/08\/auto-1024x1536.jpg 1024w, https:\/\/www.lakilaukka.fi\/wp-content\/uploads\/2022\/08\/auto-1365x2048.jpg 1365w\" sizes=\"(max-width: 1707px) 100vw, 1707px\" \/>\t\t\t\t\t\t\t\t\t\t\t\t\t<\/div>\n\t\t\t\t<\/div>\n\t\t\t\t\t<\/div>\n\t\t<\/div>\n\t\t\t\t<div class=\"elementor-column elementor-col-50 elementor-inner-column elementor-element elementor-element-c1f67ee\" data-id=\"c1f67ee\" data-element_type=\"column\">\n\t\t\t<div class=\"elementor-widget-wrap elementor-element-populated\">\n\t\t\t\t\t\t<div class=\"elementor-element elementor-element-67ebfdc elementor-widget elementor-widget-heading\" data-id=\"67ebfdc\" data-element_type=\"widget\" data-widget_type=\"heading.default\">\n\t\t\t\t<div class=\"elementor-widget-container\">\n\t\t\t<h2 class=\"elementor-heading-title elementor-size-default\">AUTO- JA AJONEUVOVEROTUS<\/h2>\t\t<\/div>\n\t\t\t\t<\/div>\n\t\t\t\t<div class=\"elementor-element elementor-element-da5ae97 elementor-widget elementor-widget-text-editor\" data-id=\"da5ae97\" data-element_type=\"widget\" data-widget_type=\"text-editor.default\">\n\t\t\t\t<div class=\"elementor-widget-container\">\n\t\t\t\t\t\t\t<p>T\u00e4m\u00e4 on erityisosaamisalaamme. Usean vuoden ty\u00f6kokemus ajoneuvojen verotuksen parissa julkisella sektorilla on tehnyt lakimiehest\u00e4mme auto- ja ajoneuvoverotuksen asiantuntijan, jonka kaltaisia Suomessa on hyvin v\u00e4h\u00e4n. Suomalaiset omistavat miljoonia autoja, ja maksavat niist\u00e4 vuosittain suuria summia veroja. Usein kuulemme ihmisten h\u00e4mm\u00e4stelev\u00e4n autojen korkeaa verotusta sek\u00e4 &#8221;dieselveron&#8221; tarkoituksenmukaisuutta, mutta harva tiet\u00e4\u00e4, mik\u00e4 on juridiikka n\u00e4iden verok\u00e4sitteiden takana, tai kuinka esimerkiksi alati lis\u00e4\u00e4ntyvi\u00e4 s\u00e4hk\u00f6autoja verotetaan. Tunnemme ajoneuvojen verotuksen eri vaiheet sek\u00e4 muut koukerot, ja luennoimme aiheesta mielell\u00e4mme kohderyhm\u00e4lle, jota asia kiinnostaa yht\u00e4 paljon kuin meit\u00e4.<\/p>\t\t\t\t\t\t<\/div>\n\t\t\t\t<\/div>\n\t\t\t\t<div class=\"elementor-element elementor-element-20ce00b elementor-widget elementor-widget-heading\" data-id=\"20ce00b\" data-element_type=\"widget\" data-widget_type=\"heading.default\">\n\t\t\t\t<div class=\"elementor-widget-container\">\n\t\t\t<h4 class=\"elementor-heading-title elementor-size-default\">AJONEUVOJEN TUONTI ULKOMAILTA<\/h4>\t\t<\/div>\n\t\t\t\t<\/div>\n\t\t\t\t<div class=\"elementor-element elementor-element-0380390 elementor-widget elementor-widget-text-editor\" data-id=\"0380390\" data-element_type=\"widget\" data-widget_type=\"text-editor.default\">\n\t\t\t\t<div class=\"elementor-widget-container\">\n\t\t\t\t\t\t\t<p>Lakimiehemme Aino on kirjoittanut yliopistossa maisterin pro gradu -lopputy\u00f6n tuontiautoista sek\u00e4 niiden verotuksesta juridiikan n\u00e4k\u00f6kulmasta. Lis\u00e4ksi h\u00e4nell\u00e4 on aiheesta henkil\u00f6kohtaista kokemusta. Olemme huomanneet, ett\u00e4 aiheen tuntevia juridiikan ammattilaisia on hyvin v\u00e4h\u00e4n, ja vain harvoin asiaa l\u00e4hestyt\u00e4\u00e4n lains\u00e4\u00e4d\u00e4nn\u00f6n n\u00e4k\u00f6kulmasta. Siksip\u00e4 haluamme tarjota koulutusta t\u00e4st\u00e4 ainutlaatuisesta aiheesta, joka erityisyydest\u00e4\u00e4n huolimatta koskettaa hyvin montaa autonsa ulkomailta ostavaa suomalaista vuosittain.<\/p>\t\t\t\t\t\t<\/div>\n\t\t\t\t<\/div>\n\t\t\t\t\t<\/div>\n\t\t<\/div>\n\t\t\t\t\t<\/div>\n\t\t<\/section>\n\t\t\t\t\t<\/div>\n\t\t<\/div>\n\t\t\t\t\t<\/div>\n\t\t<\/section>\n\t\t\t\t<\/div>\n\t\t","protected":false},"excerpt":{"rendered":"<p>KOULUTUKSET JA LUENNOT MILLAISTA JA MILLOIN? R\u00c4\u00c4T\u00c4L\u00d6ID\u00c4\u00c4N SINULLE SOPIVA PAKETTI Saatat pohtia, mik\u00e4 on koulutuksen ja luennon ero. Koulutuksesta puhuttaessa tarkoitetaan yleens\u00e4 esimerkiksi kansanopiston j\u00e4rjest\u00e4m\u00e4\u00e4, 2 x 6 tunnin kestoista viikonloppukurssia. T\u00e4llainen koulutus voi sis\u00e4lt\u00e4\u00e4 esimerkiksi kansantajuisesti kerrottua teoriatietoa sek\u00e4 k\u00e4yt\u00e4nn\u00f6n vinkkej\u00e4 valitusta aiheesta. Pidemm\u00e4st\u00e4 kestosta johtuen k\u00e4sitelt\u00e4vi\u00e4 aiheita voidaan valita my\u00f6s useampia. Koulutuksen kesto [&hellip;]<\/p>\n","protected":false},"author":1,"featured_media":0,"parent":0,"menu_order":0,"comment_status":"closed","ping_status":"closed","template":"","meta":{"site-sidebar-layout":"default","site-content-layout":"page-builder","ast-site-content-layout":"default","site-content-style":"default","site-sidebar-style":"default","ast-global-header-display":"","ast-banner-title-visibility":"","ast-main-header-display":"","ast-hfb-above-header-display":"","ast-hfb-below-header-display":"","ast-hfb-mobile-header-display":"","site-post-title":"disabled","ast-breadcrumbs-content":"","ast-featured-img":"disabled","footer-sml-layout":"","ast-disable-related-posts":"","theme-transparent-header-meta":"enabled","adv-header-id-meta":"","stick-header-meta":"","header-above-stick-meta":"","header-main-stick-meta":"","header-below-stick-meta":"","astra-migrate-meta-layouts":"default","ast-page-background-enabled":"default","ast-page-background-meta":{"desktop":{"background-color":"","background-image":"","background-repeat":"repeat","background-position":"center center","background-size":"auto","background-attachment":"scroll","background-type":"","background-media":"","overlay-type":"","overlay-color":"","overlay-opacity":"","overlay-gradient":""},"tablet":{"background-color":"","background-image":"","background-repeat":"repeat","background-position":"center center","background-size":"auto","background-attachment":"scroll","background-type":"","background-media":"","overlay-type":"","overlay-color":"","overlay-opacity":"","overlay-gradient":""},"mobile":{"background-color":"","background-image":"","background-repeat":"repeat","background-position":"center center","background-size":"auto","background-attachment":"scroll","background-type":"","background-media":"","overlay-type":"","overlay-color":"","overlay-opacity":"","overlay-gradient":""}},"ast-content-background-meta":{"desktop":{"background-color":"var(--ast-global-color-5)","background-image":"","background-repeat":"repeat","background-position":"center center","background-size":"auto","background-attachment":"scroll","background-type":"","background-media":"","overlay-type":"","overlay-color":"","overlay-opacity":"","overlay-gradient":""},"tablet":{"background-color":"var(--ast-global-color-5)","background-image":"","background-repeat":"repeat","background-position":"center center","background-size":"auto","background-attachment":"scroll","background-type":"","background-media":"","overlay-type":"","overlay-color":"","overlay-opacity":"","overlay-gradient":""},"mobile":{"background-color":"var(--ast-global-color-5)","background-image":"","background-repeat":"repeat","background-position":"center center","background-size":"auto","background-attachment":"scroll","background-type":"","background-media":"","overlay-type":"","overlay-color":"","overlay-opacity":"","overlay-gradient":""}}},"_links":{"self":[{"href":"https:\/\/www.lakilaukka.fi\/index.php?rest_route=\/wp\/v2\/pages\/1804"}],"collection":[{"href":"https:\/\/www.lakilaukka.fi\/index.php?rest_route=\/wp\/v2\/pages"}],"about":[{"href":"https:\/\/www.lakilaukka.fi\/index.php?rest_route=\/wp\/v2\/types\/page"}],"author":[{"embeddable":true,"href":"https:\/\/www.lakilaukka.fi\/index.php?rest_route=\/wp\/v2\/users\/1"}],"replies":[{"embeddable":true,"href":"https:\/\/www.lakilaukka.fi\/index.php?rest_route=%2Fwp%2Fv2%2Fcomments&post=1804"}],"version-history":[{"count":42,"href":"https:\/\/www.lakilaukka.fi\/index.php?rest_route=\/wp\/v2\/pages\/1804\/revisions"}],"predecessor-version":[{"id":2229,"href":"https:\/\/www.lakilaukka.fi\/index.php?rest_route=\/wp\/v2\/pages\/1804\/revisions\/2229"}],"wp:attachment":[{"href":"https:\/\/www.lakilaukka.fi\/index.php?rest_route=%2Fwp%2Fv2%2Fmedia&parent=1804"}],"curies":[{"name":"wp","href":"https:\/\/api.w.org\/{rel}","templated":true}]}}